{"version":"1.0","provider_name":"Ut\u00e1lom a telet.","provider_url":"https:\/\/utalomatelet.cafeblog.hu","author_name":"Zs\u00f389","author_url":"https:\/\/utalomatelet.cafeblog.hu\/author\/husi89\/","title":"Mi\u00e9rt, mi\u00e9rt, mi\u00e9rt?","html":"<p>A bar\u00e1ti k\u00f6r\u00f6mben valaki beteg lett (sajnos nem csak egy egyszer\u0171 influenza), ennek hat\u00e1s\u00e1ra \u00edrom a mai bejegyz\u00e9sem arr\u00f3l, hogyan lehet feldolgozni (amennyiben ez lehets\u00e9ges) egy ilyen -vagy az \u00e9n esetemben csak hasonl\u00f3- szitu\u00e1ci\u00f3t.<\/p>\r\n<p>Bevallom, ez a t\u00e9ma az\u00f3ta bennem van, mi\u00f3ta neki \u00e1lltam blogot \u00edrni, de mivel \u00e9rzelmeket ig\u00e9nyel \u00e9s nem kev\u00e9s eml\u00e9k felsz\u00ednre hozatal\u00e1t, mostan\u00e1ig halogattam.<br \/>Rem\u00e9lem akad olyan, akinek seg\u00edteni fog...<\/p>\r\n<p>Szak\u00edt\u00e1s, betegs\u00e9g, hal\u00e1l.<\/p>\r\n<p>Mi a k\u00f6z\u00f6s benn\u00fck? Hogy mindegyiknek van <strong><em><span style=\"color: #3366ff\">5 st\u00e1dium<\/span><\/em><\/strong>a, amin az ember kereszt\u00fclmegy, mik\u00f6zben pr\u00f3b\u00e1lja elfogadni az \u00fajonnan kialakult helyzetet.<br \/>Hab\u00e1r \u00e9n a balesetemmel kil\u00f3gok a sorb\u00f3l, de ezeket ugyan\u00fagy v\u00e9gig csin\u00e1ltam \u00e9s \u00edgy ut\u00f3lag nagyj\u00e1b\u00f3l el is tudom k\u00fcl\u00f6n\u00edteni, mikor \u00e9ppen melyik volt aktu\u00e1lis.<br \/>A szakaszokat nem lehet \u00e9lesen k\u00fcl\u00f6nv\u00e1lasztani, sz\u00e1mos \u00e1tfed\u00e9s lehets\u00e9ges k\u00e9t f\u00e1zis k\u00f6z\u00f6tt. <br \/>Bizonyos esetekben egyes f\u00e1zisok kimaradnak (legt\u00f6bbsz\u00f6r az alkudoz\u00e1s). <br \/>Ugyeb\u00e1r minden eset m\u00e1s \u00e9s m\u00e1s.<\/p>\r\n<p>Az 5 st\u00e1dium: Elutas\u00edt\u00e1s\/tagad\u00e1s, d\u00fch, alkudoz\u00e1s, depresszi\u00f3, elfogad\u00e1s.<\/p>\r\n<p><strong>1. Elutas\u00edt\u00e1s\/tagad\u00e1s<\/strong><\/p>\r\n<p>Sokat olvastam err\u0151l a t\u00e9m\u00e1r\u00f3l (nagyj\u00e1b\u00f3l f\u00e9l \u00e9vvel a baleset ut\u00e1n ker\u00fclt el\u00e9m egy cikk, amiben r\u00e9szletesen kifejtett\u00e9k, melyik szakaszra mi jellemz\u0151), \u00edgy tudom, hogy ezt nevezik a h\u00e1r\u00edt\u00e1s id\u0151szak\u00e1nak is.<br \/>Amikor az ember m\u00e9g nem k\u00e9sz\u00fclt fel arra, hogy szembe n\u00e9zzen a t\u00e9nyekkel.<br \/>\u00c9n a tagad\u00e1ssal v\u00e9dekeztem, ami val\u00f3j\u00e1ban er\u0151 gy\u0171jt\u00e9s is volt egyben.<br \/>Hiszen hallja az ember az egyre t\u00f6bb inform\u00e1ci\u00f3t, ami csak napr\u00f3l-napra t\u00f6bb lesz (nekem legink\u00e1bb az kellett, hogy elhagyhassam az intenz\u00edv oszt\u00e1lyt \u00e9s ne zombik\u00e9nt teljenek a napjaim tele t\u00f6mve morfiummal) \u00e9s k\u00f6zben valahol nyugtatja mag\u00e1t \u00e9s a k\u00f6rnyezet\u00e9t, mik\u00f6zben \u0151 maga sem tudja pontosan, mire sz\u00e1m\u00edtson.<br \/>Mint azt m\u00e1r kor\u00e1bban eml\u00edtettem, akkoriban nem tudtam napl\u00f3t \u00edrni, de m\u00e1rciusban egyszer megpr\u00f3b\u00e1lkoztam vele (3 h\u00e9ttel a t\u00f6rt\u00e9ntek ut\u00e1n) \u00e9s csak 2 sort tudtam ugyan \u00f6sszekaparni, de ezt a mai napig \u00edgy l\u00e1tom:<\/p>\r\n<p>\"Mindig azt mondjuk, mennyi minden v\u00e1ltozhat egy pillanat alatt. H\u00e1t, nekem egyel\u0151re \u00fagy t\u0171nik, az eg\u00e9sz \u00e9letem.\"<\/p>\r\n<p>K\u00f6r\u00fclbel\u00fcl m\u00e1sf\u00e9l-2 h\u00f3napomba telt, mire kim\u00e1sztam ebb\u0151l.<br \/>Tudtam, hogy a homokba dugom a fejem, de nem igaz\u00e1n \u00e9rdekelt.<\/p>\r\n<p><a href=\"https:\/\/utalomatelet.cafeblog.hu\/files\/2015\/03\/i-know-everything-happens-for-a-reaons-sometimes-i-wish-i-knew.jpg\"><img class=\"alignnone size-medium wp-image-251\" src=\"https:\/\/utalomatelet.cafeblog.hu\/files\/2015\/03\/i-know-everything-happens-for-a-reaons-sometimes-i-wish-i-knew-300x241.jpg\" alt=\"Minden okkal t\u00f6rt\u00e9nik\" width=\"300\" height=\"241\" \/><\/a><\/p>\r\n<p><strong>2. D\u00fch<\/strong><\/p>\r\n<p>Ez az a pont, amikor az embernek m\u00e1r annyi ismerete van az \u00e1llapot\u00e1t illet\u0151en, hogy saj\u00e1t maga el\u0151tt is bel\u00e1tja: semmi \u00e9rtelme a t\u00e9nyek tagad\u00e1s\u00e1nak.<br \/>N\u00e1lam ez nem sokkal a sz\u00fclet\u00e9snapom ut\u00e1n k\u00f6vetkezett be (\u00e1prilis k\u00f6zep\u00e9n), amikor val\u00f3j\u00e1ban szembes\u00fcltem az \u00e1llapotommal.<br \/>Mint sokan m\u00e1sok, \u00e9n is feltettem sz\u00e1zszor a k\u00e9rd\u00e9st, amire val\u00f3j\u00e1ban senki sem tudja a v\u00e1laszt: <span style=\"color: #3366ff\"><strong><em>Mi\u00e9rt pont velem t\u00f6rt\u00e9nik mindez?<\/em><\/strong><\/span> Mivel \u00e9rdemeltem ki?<br \/><a href=\"https:\/\/utalomatelet.cafeblog.hu\/files\/2015\/03\/1609765_10201571030864904_4787544448046715841_n.jpg\"><img class=\"alignnone size-medium wp-image-255\" src=\"https:\/\/utalomatelet.cafeblog.hu\/files\/2015\/03\/1609765_10201571030864904_4787544448046715841_n-225x300.jpg\" alt=\"2014. \u00e1prilis\" width=\"225\" height=\"300\" \/><\/a><br \/>A hegek az arcomon nem k\u00f6nny\u00edtett\u00e9k meg a dolgom, hiszen emiatt rengeteg sajn\u00e1lkoz\u00f3 tekintetet kaptam (vagy legal\u00e1bbis \u00e9n \u00edgy \u00e9reztem) \u00e9s ez borzaszt\u00f3 m\u00f3don ideges\u00edtett. <br \/>Ekkoriban v\u00e1llaltam fel \"hivatalosan\" is a velem t\u00f6rt\u00e9nteket (a facebookos ismer\u0151seim k\u00f6z\u00fcl egyed\u00fcl csak a hozz\u00e1m k\u00f6zel \u00e1ll\u00f3k tudt\u00e1k mi t\u00f6rt\u00e9nt), ami szint\u00e9n fokozta a sajn\u00e1lkoz\u00f3k t\u00e1bor\u00e1t, hiszen rengeteg \u00fczenetet kaptam, amib\u0151l nekem legink\u00e1bb a sz\u00e1nakoz\u00e1s j\u00f6tt \u00e1t \u00e9s amit \u00edgy ut\u00f3lag bevallom, nagyon ut\u00e1ltam.<br \/>Ebben k\u00f6zrej\u00e1tszott az is, hogy am\u00edg mindenki kinyilv\u00e1n\u00edtotta, mennyire b\u00fcszke r\u00e1m (\u00e9s ez az a r\u00e9sz, ami\u00e9rt nehezen \u00edrok err\u0151l), \u00e9n folyamatosan azt k\u00e9rdeztem magamt\u00f3l: De mire f\u00f6l olyan b\u00fcszk\u00e9k???<br \/>Ami\u00e9rt kib\u00edrtam egyed\u00fcl? Hogy t\u00fal\u00e9ltem? Hogy \u00e9letvesz\u00e9lybe sodortam a kicsit \u00e9s magamat is?<br \/>Ez az egyik olyan dolog, amit mostan\u00e1ig sem siker\u00fclt feldolgoznom.<br \/>Hiszen az, hogy t\u00fal\u00e9ltem, egy tudatalatti d\u00f6nt\u00e9s volt abban a 2 napomban, amikor kritikus \u00e1llapotban voltam.<br \/>De mi\u00e9rt is akartam volna eldobni az \u00e9letem 24 \u00e9vesen?<br \/>Most itt vagyok 2 h\u00e9ttel a 26. sz\u00fclet\u00e9snapom el\u0151tt \u00e9s tov\u00e1bbra sem tudom igaz\u00e1n a v\u00e1laszokat.<br \/>A fejl\u0151d\u00e9s viszont annyi, hogy most m\u00e1r azt hiszem nem is akarom tudni.<br \/>Ezekr\u0151l \u00edrok legk\u00f6zelebb, azt hiszem ez \u00edgy is el\u00e9g lesz \u00edgy els\u0151re. :)<\/p>\r\n<p><span id=\"fbPhotoSnowliftCaption\" class=\"fbPhotosPhotoCaption\"><span class=\"hasCaption\">\"Am\u00edg a r\u00fat kiskacs\u00e1b\u00f3l hatty\u00fa lesz, addig nagyon sok mindenen \u00e1tmegy a kiskacsa. Sajnos, ez f\u00e1jdalommal j\u00e1r. Amikor azt hiszi, hogy \u0151 soha nem fog rep\u00fclni, majd elkezdi bontogatni a sz\u00e1rny\u00e1t, majd a sok munka k\u00f6vetkezt\u00e9ben kider\u00fcl, hogy k\u00e9pes erre, az mind-mind-mind sok energi\u00e1val \u00e9s f\u00e1jdalommal j\u00e1r. Csak \u00edgy lehet azonban, m\u00e1sk\u00e9nt nem. Ha nem tanul meg rep\u00fclni, akkor a r\u00f3ka felzab\u00e1lja.\"<\/span><\/span><\/p>\r\n<p>(Csernus Imre)<\/p>","type":"rich","thumbnail_url":"https:\/\/utalomatelet.cafeblog.hu\/files\/2015\/03\/i-know-everything-happens-for-a-reaons-sometimes-i-wish-i-knew-150x150.jpg","thumbnail_width":150,"thumbnail_height":150}

Utálom a telet.

Zsó89

Miért, miért, miért?

<p>A baráti körömben valaki beteg lett (sajnos nem csak egy egyszerű influenza), ennek hatására írom a mai bejegyzésem arról, hogyan lehet feldolgozni (amennyiben ez lehetséges) egy ilyen -vagy az én esetemben csak hasonló- szituációt.</p>
<p>Bevallom, ez a téma azóta bennem van, mióta neki álltam blogot írni, de mivel érzelmeket igényel és nem kevés emlék felszínre hozatalát, mostanáig halogattam.<br />Remélem akad olyan, akinek segíteni fog...</p>
<p>Szakítás, betegség, halál.</p>
<p>Mi a közös bennük? Hogy mindegyiknek van <strong><em><span style="color: #3366ff">5 stádium</span></em></strong>a, amin az ember keresztülmegy, miközben próbálja elfogadni az újonnan kialakult helyzetet.<br />Habár én a balesetemmel kilógok a sorból, de ezeket ugyanúgy végig csináltam és így utólag nagyjából el is tudom különíteni, mikor éppen melyik volt aktuális.<br />A szakaszokat nem lehet élesen különválasztani, számos átfedés lehetséges két fázis között. <br />Bizonyos esetekben egyes fázisok kimaradnak (legtöbbször az alkudozás). <br />Ugyebár minden eset más és más.</p>
<p>Az 5 stádium: Elutasítás/tagadás, düh, alkudozás, depresszió, elfogadás.</p>
<p><strong>1. Elutasítás/tagadás</strong></p>
<p>Sokat olvastam erről a témáról (nagyjából fél évvel a baleset után került elém egy cikk, amiben részletesen kifejtették, melyik szakaszra mi jellemző), így tudom, hogy ezt nevezik a hárítás időszakának is.<br />Amikor az ember még nem készült fel arra, hogy szembe nézzen a tényekkel.<br />Én a tagadással védekeztem, ami valójában erő gyűjtés is volt egyben.<br />Hiszen hallja az ember az egyre több információt, ami csak napról-napra több lesz (nekem leginkább az kellett, hogy elhagyhassam az intenzív osztályt és ne zombiként teljenek a napjaim tele tömve morfiummal) és közben valahol nyugtatja magát és a környezetét, miközben ő maga sem tudja pontosan, mire számítson.<br />Mint azt már korábban említettem, akkoriban nem tudtam naplót írni, de márciusban egyszer megpróbálkoztam vele (3 héttel a történtek után) és csak 2 sort tudtam ugyan összekaparni, de ezt a mai napig így látom:</p>
<p>"Mindig azt mondjuk, mennyi minden változhat egy pillanat alatt. Hát, nekem egyelőre úgy tűnik, az egész életem."</p>
<p>Körülbelül másfél-2 hónapomba telt, mire kimásztam ebből.<br />Tudtam, hogy a homokba dugom a fejem, de nem igazán érdekelt.</p>
<p><a href="https://utalomatelet.cafeblog.hu/files/2015/03/i-know-everything-happens-for-a-reaons-sometimes-i-wish-i-knew.jpg"><img class="alignnone size-medium wp-image-251" src="https://utalomatelet.cafeblog.hu/files/2015/03/i-know-everything-happens-for-a-reaons-sometimes-i-wish-i-knew-300x241.jpg" alt="Minden okkal történik" width="300" height="241" /></a></p>
<p><strong>2. Düh</strong></p>
<p>Ez az a pont, amikor az embernek már annyi ismerete van az állapotát illetően, hogy saját maga előtt is belátja: semmi értelme a tények tagadásának.<br />Nálam ez nem sokkal a születésnapom után következett be (április közepén), amikor valójában szembesültem az állapotommal.<br />Mint sokan mások, én is feltettem százszor a kérdést, amire valójában senki sem tudja a választ: <span style="color: #3366ff"><strong><em>Miért pont velem történik mindez?</em></strong></span> Mivel érdemeltem ki?<br /><a href="https://utalomatelet.cafeblog.hu/files/2015/03/1609765_10201571030864904_4787544448046715841_n.jpg"><img class="alignnone size-medium wp-image-255" src="https://utalomatelet.cafeblog.hu/files/2015/03/1609765_10201571030864904_4787544448046715841_n-225x300.jpg" alt="2014. április" width="225" height="300" /></a><br />A hegek az arcomon nem könnyítették meg a dolgom, hiszen emiatt rengeteg sajnálkozó tekintetet kaptam (vagy legalábbis én így éreztem) és ez borzasztó módon idegesített. <br />Ekkoriban vállaltam fel "hivatalosan" is a velem történteket (a facebookos ismerőseim közül egyedül csak a hozzám közel állók tudták mi történt), ami szintén fokozta a sajnálkozók táborát, hiszen rengeteg üzenetet kaptam, amiből nekem leginkább a szánakozás jött át és amit így utólag bevallom, nagyon utáltam.<br />Ebben közrejátszott az is, hogy amíg mindenki kinyilvánította, mennyire büszke rám (és ez az a rész, amiért nehezen írok erről), én folyamatosan azt kérdeztem magamtól: De mire föl olyan büszkék???<br />Amiért kibírtam egyedül? Hogy túléltem? Hogy életveszélybe sodortam a kicsit és magamat is?<br />Ez az egyik olyan dolog, amit mostanáig sem sikerült feldolgoznom.<br />Hiszen az, hogy túléltem, egy tudatalatti döntés volt abban a 2 napomban, amikor kritikus állapotban voltam.<br />De miért is akartam volna eldobni az életem 24 évesen?<br />Most itt vagyok 2 héttel a 26. születésnapom előtt és továbbra sem tudom igazán a válaszokat.<br />A fejlődés viszont annyi, hogy most már azt hiszem nem is akarom tudni.<br />Ezekről írok legközelebb, azt hiszem ez így is elég lesz így elsőre. :)</p>
<p><span id="fbPhotoSnowliftCaption" class="fbPhotosPhotoCaption"><span class="hasCaption">"Amíg a rút kiskacsából hattyú lesz, addig nagyon sok mindenen átmegy a kiskacsa. Sajnos, ez fájdalommal jár. Amikor azt hiszi, hogy ő soha nem fog repülni, majd elkezdi bontogatni a szárnyát, majd a sok munka következtében kiderül, hogy képes erre, az mind-mind-mind sok energiával és fájdalommal jár. Csak így lehet azonban, másként nem. Ha nem tanul meg repülni, akkor a róka felzabálja."</span></span></p>
<p>(Csernus Imre)</p>
